{"id":128,"date":"2024-02-27T17:42:46","date_gmt":"2024-02-27T16:42:46","guid":{"rendered":"https:\/\/athletictigersostschweiz.wordpress.com\/?page_id=128"},"modified":"2025-02-09T16:36:15","modified_gmt":"2025-02-09T16:36:15","slug":"erfolge","status":"publish","type":"page","link":"https:\/\/athletic-tigers.ch\/?page_id=128","title":{"rendered":"News"},"content":{"rendered":"\t\t<div data-elementor-type=\"wp-page\" data-elementor-id=\"128\" class=\"elementor elementor-128\">\n\t\t\t\t<div class=\"elementor-element elementor-element-22196fbf e-con-full e-flex e-con e-parent\" data-id=\"22196fbf\" data-element_type=\"container\">\n\t\t\t\t<div class=\"elementor-element elementor-element-6050e773 elementor-widget elementor-widget-text-editor\" data-id=\"6050e773\" data-element_type=\"widget\" data-widget_type=\"text-editor.default\">\n\t\t\t\t<div class=\"elementor-widget-container\">\n\t\t\t<style>\/*! elementor - v3.21.0 - 26-05-2024 *\/\n.elementor-widget-text-editor.elementor-drop-cap-view-stacked .elementor-drop-cap{background-color:#69727d;color:#fff}.elementor-widget-text-editor.elementor-drop-cap-view-framed .elementor-drop-cap{color:#69727d;border:3px solid;background-color:transparent}.elementor-widget-text-editor:not(.elementor-drop-cap-view-default) .elementor-drop-cap{margin-top:8px}.elementor-widget-text-editor:not(.elementor-drop-cap-view-default) .elementor-drop-cap-letter{width:1em;height:1em}.elementor-widget-text-editor .elementor-drop-cap{float:left;text-align:center;line-height:1;font-size:50px}.elementor-widget-text-editor .elementor-drop-cap-letter{display:inline-block}<\/style>\t\t\t\t<p>Wir sind bislang erst an wenigen ausgew\u00e4hlten Wettk\u00e4mpfen gestartet: am UBS Kids Cup Team und an der M\u00f6sle Staffel im Vorprogramm vom Mehrkampf Meeting in G\u00f6tzis (\u00d6sterreich). Wir entscheiden uns spontan an welchen Wettk\u00e4mpfen wir teilnehmen.\u00a0 <\/p><p>Die Idee unseres Vereins ist es, dass sich die M\u00e4dchen ausserhalb der regul\u00e4ren Einzelwettk\u00e4mpfe kennenlernen und so zu Freundinnen anstatt zu Gegnerinnen auf dem Feld werden. Darum starten bei uns teils j\u00fcngere Athletinnen (U10) auch beim \u00e4lteren Jahrgang (U12). Dar\u00fcber hinaus soll die Leichtathletik gef\u00f6rdert werden, denn bei uns rennen auch Kinder aus anderen Sportarten (wie z.B. Fussball, Faustball oder Ger\u00e4teturnen etc.) mit. Die Teams werden prim\u00e4r durch bereits bestehende Freundschaften und Bekanntschaften der Kinder gebildet. Dies entspricht dem Wunsch unserer Athletinnen. An aller erster Stelle steht bei uns der Teamzusammenhalt. Stimmt dieser sind auch sehr gute Leistungen m\u00f6glich.<\/p><p>Am\u00a0<b><a href=\"https:\/\/www.ubs-kidscup.ch\/de\/ubs-kids-cup-team\/startseite\">UBS Kids Cup Team 2024<\/a><\/b> sind wir mit zwei Mannschaften gestartet. Bei diesem landesweiten Wettkampf qualifizieren sich die jeweils 12 besten Mannschaften f\u00fcr den grossen Schweizer Final. Beide unsere Teams (Girls U12) haben alle lokalen Ausscheidungen und Regionalfinals erfolgreich gemeistert und konnten sich somit das Ticket f\u00fcr den Schweizer Final in Z\u00fcrich sichern. Eines unserer Teams beendete den Schweizer Final auf dem 1. Rang und durfte sich als\u00a0<b>Schweizermeisterinnen <\/b>feiern lassen.\u00a0Das zweite Team verpasste das Podest nur ganz knapp und landete auf dem starken 4. Schlussrang.\u00a0<\/p><p>An der\u00a0<strong><a href=\"https:\/\/www.meeting-goetzis.at\/de\/das-meeting\/nachwuchs\/moesle-staffel-challenge_831.html\" target=\"_blank\" rel=\"noopener\">M\u00f6sle Staffel Challenge 2024<\/a>\u00a0<\/strong>stand ein Team unseres Vereins am Start. Als Vorrunden Siegerinnen qualifizierten sich unsere 5 Athletinnen f\u00fcr den grossen Auftritt im Vorprogramm des Leichtathletik Meetings in G\u00f6tzis. Auch den Auftritt vor grossem internationalem Publikum meisterten unsere motivierten Girls mit Bravour. Mit einer hervorragenden Zeit von 58.13 schlug unser reines M\u00e4dels-Team alle Mixed Teams in der 5x80m Staffel und konnte sich vor dem internationalen Publikum auf dem <b>1. Podestplatz<\/b> die verdienten goldenen Gewinner-Staffel-St\u00e4be \u00fcberreichen lassen. Wir gratulieren den M\u00e4dchen von Herzen!<\/p>\t\t\t\t\t\t<\/div>\n\t\t\t\t<\/div>\n\t\t\t\t<\/div>\n\t\t<div class=\"elementor-element elementor-element-421fab9 e-flex e-con-boxed e-con e-parent\" data-id=\"421fab9\" data-element_type=\"container\">\n\t\t\t\t\t<div class=\"e-con-inner\">\n\t\t\t\t<div class=\"elementor-element elementor-element-2e77d3e elementor-widget__width-initial elementor-widget elementor-widget-image\" data-id=\"2e77d3e\" data-element_type=\"widget\" data-widget_type=\"image.default\">\n\t\t\t\t<div class=\"elementor-widget-container\">\n\t\t\t<style>\/*! elementor - v3.21.0 - 26-05-2024 *\/\n.elementor-widget-image{text-align:center}.elementor-widget-image a{display:inline-block}.elementor-widget-image a img[src$=\".svg\"]{width:48px}.elementor-widget-image img{vertical-align:middle;display:inline-block}<\/style>\t\t\t\t\t\t\t\t\t\t<img fetchpriority=\"high\" decoding=\"async\" width=\"654\" height=\"173\" src=\"https:\/\/athletic-tigers.ch\/wp-content\/uploads\/2024\/02\/image-5.png\" class=\"attachment-large size-large wp-image-148\" alt=\"\" srcset=\"https:\/\/athletic-tigers.ch\/wp-content\/uploads\/2024\/02\/image-5.png 654w, https:\/\/athletic-tigers.ch\/wp-content\/uploads\/2024\/02\/image-5-300x79.png 300w\" sizes=\"(max-width: 654px) 100vw, 654px\" \/>\t\t\t\t\t\t\t\t\t\t\t\t\t<\/div>\n\t\t\t\t<\/div>\n\t\t\t\t\t<\/div>\n\t\t\t\t<\/div>\n\t\t<div class=\"elementor-element elementor-element-87393cf e-con-full e-flex e-con e-parent\" data-id=\"87393cf\" data-element_type=\"container\">\n\t\t\t\t<div class=\"elementor-element elementor-element-85cdb9d elementor-widget__width-initial elementor-widget elementor-widget-image\" data-id=\"85cdb9d\" data-element_type=\"widget\" data-widget_type=\"image.default\">\n\t\t\t\t<div class=\"elementor-widget-container\">\n\t\t\t\t\t\t\t\t\t\t\t\t\t<img decoding=\"async\" width=\"712\" height=\"211\" src=\"https:\/\/athletic-tigers.ch\/wp-content\/uploads\/2024\/02\/image.png\" class=\"attachment-large size-large wp-image-89\" alt=\"\" srcset=\"https:\/\/athletic-tigers.ch\/wp-content\/uploads\/2024\/02\/image.png 774w, https:\/\/athletic-tigers.ch\/wp-content\/uploads\/2024\/02\/image-300x89.png 300w, https:\/\/athletic-tigers.ch\/wp-content\/uploads\/2024\/02\/image-768x227.png 768w\" sizes=\"(max-width: 712px) 100vw, 712px\" \/>\t\t\t\t\t\t\t\t\t\t\t\t\t<\/div>\n\t\t\t\t<\/div>\n\t\t\t\t<\/div>\n\t\t<div class=\"elementor-element elementor-element-b5e6e46 e-flex e-con-boxed e-con e-parent\" data-id=\"b5e6e46\" data-element_type=\"container\">\n\t\t\t\t\t<div class=\"e-con-inner\">\n\t\t\t\t\t<\/div>\n\t\t\t\t<\/div>\n\t\t<div class=\"elementor-element elementor-element-8d279f8 e-flex e-con-boxed e-con e-parent\" data-id=\"8d279f8\" data-element_type=\"container\">\n\t\t\t\t\t<div class=\"e-con-inner\">\n\t\t\t\t<div class=\"elementor-element elementor-element-c4c04d3 elementor-widget elementor-widget-image\" data-id=\"c4c04d3\" data-element_type=\"widget\" data-widget_type=\"image.default\">\n\t\t\t\t<div class=\"elementor-widget-container\">\n\t\t\t\t\t\t\t\t\t\t\t\t\t<img decoding=\"async\" width=\"712\" height=\"606\" src=\"https:\/\/athletic-tigers.ch\/wp-content\/uploads\/2024\/05\/IMG_9688-2-1024x871.jpg\" class=\"attachment-large size-large wp-image-458\" alt=\"\" srcset=\"https:\/\/athletic-tigers.ch\/wp-content\/uploads\/2024\/05\/IMG_9688-2-1024x871.jpg 1024w, https:\/\/athletic-tigers.ch\/wp-content\/uploads\/2024\/05\/IMG_9688-2-300x255.jpg 300w, https:\/\/athletic-tigers.ch\/wp-content\/uploads\/2024\/05\/IMG_9688-2-768x653.jpg 768w, https:\/\/athletic-tigers.ch\/wp-content\/uploads\/2024\/05\/IMG_9688-2-1080x919.jpg 1080w, https:\/\/athletic-tigers.ch\/wp-content\/uploads\/2024\/05\/IMG_9688-2.jpg 1512w\" sizes=\"(max-width: 712px) 100vw, 712px\" \/>\t\t\t\t\t\t\t\t\t\t\t\t\t<\/div>\n\t\t\t\t<\/div>\n\t\t\t\t\t<\/div>\n\t\t\t\t<\/div>\n\t\t\t\t<\/div>\n\t\t","protected":false},"excerpt":{"rendered":"<p>Wir sind bislang erst an wenigen ausgew\u00e4hlten Wettk\u00e4mpfen gestartet: am UBS Kids Cup Team und an der M\u00f6sle Staffel im Vorprogramm vom Mehrkampf Meeting in G\u00f6tzis (\u00d6sterreich). Wir entscheiden uns spontan an welchen Wettk\u00e4mpfen wir teilnehmen.\u00a0 Die Idee unseres Vereins ist es, dass sich die M\u00e4dchen ausserhalb der regul\u00e4ren Einzelwettk\u00e4mpfe kennenlernen und so zu Freundinnen &hellip; <a href=\"https:\/\/athletic-tigers.ch\/?page_id=128\" class=\"more-link\"><span class=\"screen-reader-text\">News<\/span> weiterlesen<\/a><\/p>\n","protected":false},"author":1,"featured_media":0,"parent":0,"menu_order":0,"comment_status":"closed","ping_status":"closed","template":"","meta":{"footnotes":""},"class_list":["post-128","page","type-page","status-publish","hentry","no-featured-image"],"yoast_head":"<!-- This site is optimized with the Yoast SEO plugin v22.7 - https:\/\/yoast.com\/wordpress\/plugins\/seo\/ -->\n<title>News - Athletic Tigers Ostschweiz<\/title>\n<meta name=\"description\" content=\"Athletic Tigers Ostschweiz Girls U12 sind Schweizer Meister im UBS Kids Cup Team. Athletic Tigers Ostchweiz gewinnen die M\u00f6sle Staffel Challenge 2024. Athletic Tigers Ostschweiz Girls U12 gewinnen Staffel im Vorprogramm des Weltklasse Z\u00fcrich.\" \/>\n<meta name=\"robots\" content=\"index, follow, max-snippet:-1, max-image-preview:large, max-video-preview:-1\" \/>\n<link rel=\"canonical\" href=\"https:\/\/athletic-tigers.ch\/?page_id=128\" \/>\n<meta property=\"og:locale\" content=\"de_DE\" \/>\n<meta property=\"og:type\" content=\"article\" \/>\n<meta property=\"og:title\" content=\"News - Athletic Tigers Ostschweiz\" \/>\n<meta property=\"og:description\" content=\"Athletic Tigers Ostschweiz Girls U12 sind Schweizer Meister im UBS Kids Cup Team. Athletic Tigers Ostchweiz gewinnen die M\u00f6sle Staffel Challenge 2024. Athletic Tigers Ostschweiz Girls U12 gewinnen Staffel im Vorprogramm des Weltklasse Z\u00fcrich.\" \/>\n<meta property=\"og:url\" content=\"https:\/\/athletic-tigers.ch\/?page_id=128\" \/>\n<meta property=\"og:site_name\" content=\"Athletic Tigers Ostschweiz\" \/>\n<meta property=\"article:modified_time\" content=\"2025-02-09T16:36:15+00:00\" \/>\n<meta property=\"og:image\" content=\"https:\/\/athletic-tigers.ch\/wp-content\/uploads\/2024\/02\/image-5.png\" \/>\n<meta name=\"twitter:card\" content=\"summary_large_image\" \/>\n<meta name=\"twitter:label1\" content=\"Gesch\u00e4tzte Lesezeit\" \/>\n\t<meta name=\"twitter:data1\" content=\"3\u00a0Minuten\" \/>\n<script type=\"application\/ld+json\" class=\"yoast-schema-graph\">{\"@context\":\"https:\/\/schema.org\",\"@graph\":[{\"@type\":[\"WebPage\",\"CollectionPage\"],\"@id\":\"https:\/\/athletic-tigers.ch\/?page_id=128\",\"url\":\"https:\/\/athletic-tigers.ch\/?page_id=128\",\"name\":\"News - Athletic Tigers Ostschweiz\",\"isPartOf\":{\"@id\":\"https:\/\/athletic-tigers.ch\/#website\"},\"primaryImageOfPage\":{\"@id\":\"https:\/\/athletic-tigers.ch\/?page_id=128#primaryimage\"},\"image\":{\"@id\":\"https:\/\/athletic-tigers.ch\/?page_id=128#primaryimage\"},\"thumbnailUrl\":\"https:\/\/athletic-tigers.ch\/wp-content\/uploads\/2024\/02\/image-5.png\",\"datePublished\":\"2024-02-27T16:42:46+00:00\",\"dateModified\":\"2025-02-09T16:36:15+00:00\",\"description\":\"Athletic Tigers Ostschweiz Girls U12 sind Schweizer Meister im UBS Kids Cup Team. Athletic Tigers Ostchweiz gewinnen die M\u00f6sle Staffel Challenge 2024. Athletic Tigers Ostschweiz Girls U12 gewinnen Staffel im Vorprogramm des Weltklasse Z\u00fcrich.\",\"breadcrumb\":{\"@id\":\"https:\/\/athletic-tigers.ch\/?page_id=128#breadcrumb\"},\"inLanguage\":\"de\"},{\"@type\":\"ImageObject\",\"inLanguage\":\"de\",\"@id\":\"https:\/\/athletic-tigers.ch\/?page_id=128#primaryimage\",\"url\":\"https:\/\/athletic-tigers.ch\/wp-content\/uploads\/2024\/02\/image-5.png\",\"contentUrl\":\"https:\/\/athletic-tigers.ch\/wp-content\/uploads\/2024\/02\/image-5.png\",\"width\":654,\"height\":173},{\"@type\":\"BreadcrumbList\",\"@id\":\"https:\/\/athletic-tigers.ch\/?page_id=128#breadcrumb\",\"itemListElement\":[{\"@type\":\"ListItem\",\"position\":1,\"name\":\"Startseite\",\"item\":\"https:\/\/athletic-tigers.ch\/\"},{\"@type\":\"ListItem\",\"position\":2,\"name\":\"News\"}]},{\"@type\":\"WebSite\",\"@id\":\"https:\/\/athletic-tigers.ch\/#website\",\"url\":\"https:\/\/athletic-tigers.ch\/\",\"name\":\"Athletic Tigers Ostschweiz\",\"description\":\"\",\"potentialAction\":[{\"@type\":\"SearchAction\",\"target\":{\"@type\":\"EntryPoint\",\"urlTemplate\":\"https:\/\/athletic-tigers.ch\/?s={search_term_string}\"},\"query-input\":\"required name=search_term_string\"}],\"inLanguage\":\"de\"}]}<\/script>\n<!-- \/ Yoast SEO plugin. -->","yoast_head_json":{"title":"News - Athletic Tigers Ostschweiz","description":"Athletic Tigers Ostschweiz Girls U12 sind Schweizer Meister im UBS Kids Cup Team. Athletic Tigers Ostchweiz gewinnen die M\u00f6sle Staffel Challenge 2024. Athletic Tigers Ostschweiz Girls U12 gewinnen Staffel im Vorprogramm des Weltklasse Z\u00fcrich.","robots":{"index":"index","follow":"follow","max-snippet":"max-snippet:-1","max-image-preview":"max-image-preview:large","max-video-preview":"max-video-preview:-1"},"canonical":"https:\/\/athletic-tigers.ch\/?page_id=128","og_locale":"de_DE","og_type":"article","og_title":"News - Athletic Tigers Ostschweiz","og_description":"Athletic Tigers Ostschweiz Girls U12 sind Schweizer Meister im UBS Kids Cup Team. Athletic Tigers Ostchweiz gewinnen die M\u00f6sle Staffel Challenge 2024. Athletic Tigers Ostschweiz Girls U12 gewinnen Staffel im Vorprogramm des Weltklasse Z\u00fcrich.","og_url":"https:\/\/athletic-tigers.ch\/?page_id=128","og_site_name":"Athletic Tigers Ostschweiz","article_modified_time":"2025-02-09T16:36:15+00:00","og_image":[{"url":"https:\/\/athletic-tigers.ch\/wp-content\/uploads\/2024\/02\/image-5.png"}],"twitter_card":"summary_large_image","twitter_misc":{"Gesch\u00e4tzte Lesezeit":"3\u00a0Minuten"},"schema":{"@context":"https:\/\/schema.org","@graph":[{"@type":["WebPage","CollectionPage"],"@id":"https:\/\/athletic-tigers.ch\/?page_id=128","url":"https:\/\/athletic-tigers.ch\/?page_id=128","name":"News - Athletic Tigers Ostschweiz","isPartOf":{"@id":"https:\/\/athletic-tigers.ch\/#website"},"primaryImageOfPage":{"@id":"https:\/\/athletic-tigers.ch\/?page_id=128#primaryimage"},"image":{"@id":"https:\/\/athletic-tigers.ch\/?page_id=128#primaryimage"},"thumbnailUrl":"https:\/\/athletic-tigers.ch\/wp-content\/uploads\/2024\/02\/image-5.png","datePublished":"2024-02-27T16:42:46+00:00","dateModified":"2025-02-09T16:36:15+00:00","description":"Athletic Tigers Ostschweiz Girls U12 sind Schweizer Meister im UBS Kids Cup Team. Athletic Tigers Ostchweiz gewinnen die M\u00f6sle Staffel Challenge 2024. Athletic Tigers Ostschweiz Girls U12 gewinnen Staffel im Vorprogramm des Weltklasse Z\u00fcrich.","breadcrumb":{"@id":"https:\/\/athletic-tigers.ch\/?page_id=128#breadcrumb"},"inLanguage":"de"},{"@type":"ImageObject","inLanguage":"de","@id":"https:\/\/athletic-tigers.ch\/?page_id=128#primaryimage","url":"https:\/\/athletic-tigers.ch\/wp-content\/uploads\/2024\/02\/image-5.png","contentUrl":"https:\/\/athletic-tigers.ch\/wp-content\/uploads\/2024\/02\/image-5.png","width":654,"height":173},{"@type":"BreadcrumbList","@id":"https:\/\/athletic-tigers.ch\/?page_id=128#breadcrumb","itemListElement":[{"@type":"ListItem","position":1,"name":"Startseite","item":"https:\/\/athletic-tigers.ch\/"},{"@type":"ListItem","position":2,"name":"News"}]},{"@type":"WebSite","@id":"https:\/\/athletic-tigers.ch\/#website","url":"https:\/\/athletic-tigers.ch\/","name":"Athletic Tigers Ostschweiz","description":"","potentialAction":[{"@type":"SearchAction","target":{"@type":"EntryPoint","urlTemplate":"https:\/\/athletic-tigers.ch\/?s={search_term_string}"},"query-input":"required name=search_term_string"}],"inLanguage":"de"}]}},"_links":{"self":[{"href":"https:\/\/athletic-tigers.ch\/index.php?rest_route=\/wp\/v2\/pages\/128","targetHints":{"allow":["GET"]}}],"collection":[{"href":"https:\/\/athletic-tigers.ch\/index.php?rest_route=\/wp\/v2\/pages"}],"about":[{"href":"https:\/\/athletic-tigers.ch\/index.php?rest_route=\/wp\/v2\/types\/page"}],"author":[{"embeddable":true,"href":"https:\/\/athletic-tigers.ch\/index.php?rest_route=\/wp\/v2\/users\/1"}],"replies":[{"embeddable":true,"href":"https:\/\/athletic-tigers.ch\/index.php?rest_route=%2Fwp%2Fv2%2Fcomments&post=128"}],"version-history":[{"count":72,"href":"https:\/\/athletic-tigers.ch\/index.php?rest_route=\/wp\/v2\/pages\/128\/revisions"}],"predecessor-version":[{"id":594,"href":"https:\/\/athletic-tigers.ch\/index.php?rest_route=\/wp\/v2\/pages\/128\/revisions\/594"}],"wp:attachment":[{"href":"https:\/\/athletic-tigers.ch\/index.php?rest_route=%2Fwp%2Fv2%2Fmedia&parent=128"}],"curies":[{"name":"wp","href":"https:\/\/api.w.org\/{rel}","templated":true}]}}